47?
19
Let n(t) be the first derivative of -t**3/3 + 25*t**2/2 - 33*t + 39. Let j be n(21). What is the highest common divisor of 357 and j?
51
Let k(p) = -p**2 - 11*p - 28. Suppose 0 = 4*x + 34 - 10. Let j be k(x). Let m(d) = -d**2 + 6*d. Let c be m(4). What is the highest common factor of c and j?
2
Let y = -8808 + 10027. Calculate the highest common divisor of 46 and y.
23
Let p(d) = -2*d + 2 + 0*d**2 + d**2 + 11*d**2. Let x be p(1). Let a be (-2 - (-8 - 0))/1. What is the greatest common factor of a and x?
6
Let p(n) be the first derivative of 3*n**2 - 6*n - 7. Let u be p(2). Suppose 7*v - 22 = u*v. What is the highest common factor of 176 and v?
22
Suppose 2*j + 4*m = 2914, 2*j = -250*m + 252*m + 2890. What is the highest common factor of j and 3703?
161
Suppose -16*x + 789 = 229. What is the highest common divisor of 445 and x?
5
Let n = -388 + 61. Let w = n - -402. Calculate the greatest common factor of w and 45.
15
Let r = 103 + -101. Suppose 0 = u - 4*u + 5*g - 4, 4*u + r*g - 38 = 0. Calculate the highest common factor of u and 7.
7
Suppose 0 = -25*i + 24*i + 253. Suppose 437 = 5*p - i. What is the greatest common divisor of 184 and p?
46
Suppose -99 = -4*v - x, -78 = -2*v + 4*x - 6. Suppose 3*f = 3*h - 921, 2*h + f = -f + 634. Calculate the greatest common factor of h and v.
26
Let l = 46 + -45. Let g = l - -3. Let c be ((-45)/2)/((-3)/g). What is the greatest common divisor of 45 and c?
15
Let i(s) = -s - 1. Let z be i(-5). Suppose 5 = z*g - 11. Let a be (5 - 3)*-2 - -6. What is the greatest common divisor of g and a?
2
Let x = -35 - -167. Let r be (-20)/(-25) + ((-183)/(-15) - 1). What is the greatest common divisor of r and x?
12
Let r be 5 + -5 + 7 + 1157. Let a = -814 + r. Calculate the highest common divisor of 42 and a.
14
Suppose 3*r = -2*o + 810, -o - 4*r + 158 = -262. What is the highest common factor of o and 117?
9
Suppose m = -47*m + 21192 - 3720. Calculate the greatest common factor of 672 and m.
28
Let y = 26 - 16. Let j(z) = 15*z + 3. Let s be j(2). Let q = s + -23. Calculate the highest common divisor of q and y.
10
Let f be ((-186)/(-21))/(24/924). Calculate the greatest common factor of f and 155.
31
Suppose -5 - 115 = 10*p. Let y be p/((-8)/(112/21)). What is the highest common divisor of 20 and y?
4
Let j(k) = 11*k + 2. Let o be j(-2). Suppose 0 = t - 43 - 27. Let v = o + t. Calculate the highest common factor of 20 and v.
10
Let p be (-70)/(-5)*14/(-2). Let l = 55 - p. Suppose -5*r = -5, 0*f + r + 16 = f. What is the greatest common factor of l and f?
17
Let v be -3 - (18 - (-3 + 4)). Let p be (19/((-760)/(-928)))/((-1)/v). What is the highest common factor of p and 58?
58
Suppose 70465*d - 70469*d = -24. Suppose 0 = 2*m + m - 234. What is the greatest common factor of m and d?
6
Let h(z) = -65*z - 1654. Let p be h(-26). Suppose -m + 129 = 2*m. Let t = m - 7. What is the highest common divisor of p and t?
36
Let p be (6/12)/(0 - 1)*444. Let k = -141 - p. Let c be (-107)/(-4) + (-8)/(-32). Calculate the highest common divisor of c and k.
27
Let q(j) = -j**3 + 23*j**2 + 19*j - 41. Let g be q(18). Calculate the highest common divisor of 153 and g.
17
Suppose -8*j + 114 = -110. What is the highest common divisor of 896 and j?
28
Let w(q) = 195*q + 786. Let c be w(-4). Calculate the highest common divisor of 5622 and c.
6
Suppose 303*h - 3255 = 86*h. Calculate the greatest common factor of h and 3405.
15
Let k be 4 - ((-6)/33 - (-2759)/(-11)). Let v = 366 - k. Let t = v - 6. Calculate the greatest common divisor of t and 42.
21
Let h be -1 + (2 - 4) + 0. Let x be -2*(h + 1) + (-10)/(-2). Calculate the greatest common divisor of x and 63.
9
Suppose -4*u = -5*v - 1161, -5*u + 241 = -v - 2*u. Let c = v + 230. Calculate the greatest common factor of c and 13.
1
Suppose 2*v = -v, 4*d - 56 = v. Let f = 91 + -56. Calculate the highest common divisor of f and d.
7
Suppose 68*y - 20*y + 17904 = 0. Let n = y + 390. Calculate the highest common factor of 153 and n.
17
Suppose -28*y + 30*y - 172 = 2*q, -2*q = -4*y + 340. What is the highest common divisor of y and 188?
4
Let j be 37004/396 - (-4)/(-9). Let d = 165 + -238. Let z = d + j. What is the highest common divisor of z and 220?
20
Suppose -5*u + 886 - 86 = 0. Let z be 4 - 15*(-14 + (-22)/(-165)*102). What is the greatest common divisor of z and u?
10
Let c = -980 - -982. Suppose 3*w - 406 = -5*g, -4*w = -2*g - c*w + 172. What is the highest common factor of 83 and g?
83
Let k be 0 + (-1)/(-1) + 16. Suppose 3*m = 3*a - 21, -2*a - 8*m + 13 = -9*m. Let i be a - 15/((-45)/84). What is the highest common factor of k and i?
17
Let x be ((640/(-14))/(-1))/((-364)/(-2548)). Calculate the greatest common factor of 70 and x.
10
Let h(j) = -2*j - 7 + 5*j + 2*j + 2*j**2. Let t be h(3). Suppose 2*n + 2*x = t, 0 = 2*n + x + 2*x - 31. What is the greatest common divisor of n and 4?
4
Let a(l) = -l**3 + 7*l**2 + 12*l - 20. Let v be a(8). Suppose 129 = 2*b - 87. Calculate the highest common factor of b and v.
12
Let u = 81 - 72. Let b be u/(-6)*(-20)/3. Suppose b*t = 614 + 1146. What is the highest common factor of t and 22?
22
Let b be 12/((81/60)/9). Suppose -4*f + 133 = 237. Let g = b + f. Calculate the highest common factor of 135 and g.
27
Let i = -4700 + 11676. Calculate the highest common factor of i and 64.
64
Let b be (13 - -1)/((-689)/117 + 6). Suppose 0 = t - 5*j - 7 - 35, 3*t - b = -j. Suppose -3*w + 630 = -0*w. Calculate the greatest common divisor of t and w.
42
Suppose w = 5*g - 1333, -4*g + 24*w = 28*w - 1076. Calculate the highest common factor of g and 356.
89
Suppose 3*v - 4*s + 11 = 0, 2*v = v - s + 8. Let t(m) = -2*m**2 - 71*m + 84. Let h be t(-35). Let o = -116 + h. Calculate the highest common factor of v and o.
3
Let u be -3*(10 + (-3)/1). Let o be 2400/(-4)*u/6. Suppose 10*b + o = 15*b. Calculate the highest common factor of b and 42.
42
Let z = 274 + -169. Let c(b) = -2*b**2 + 20*b - 47. Let v be c(7). Let l(i) = -13*i + 5. Let m be l(v). What is the greatest common divisor of z and m?
35
Suppose -1431 = -k + 984. Suppose -5*o + 589 = q, -5*o + k = 4*q + 59. Calculate the highest common factor of 19 and q.
19
Let j be (-54)/(-24)*(-1)/(-6)*8. Suppose -g = -4*s - 78, -2*s = -j*g + 3*s + 220. What is the greatest common divisor of 20 and g?
10
Let o be -36*(-8 + (-287)/(-28) + -3). Let t(i) = i**2 + 3*i - 4. Let a be t(5). Calculate the highest common factor of a and o.
9
Let k(l) = -2*l**3 + 27*l**2 - 22*l - 39. Let s be k(11). Calculate the greatest common factor of 84 and s.
12
Let z = 5464 - 5029. What is the greatest common factor of z and 315?
15
Suppose 0 = -2*z - 5*z - 28. Let k(p) = 5*p**2 + 6*p + 7. Let t be k(z). What is the greatest common factor of t and 14?
7
Let j = 488 + -484. Let i be (12/j)/(-3*(-5)/540). What is the greatest common factor of 36 and i?
36
Let h = -4427 - -4454. What is the greatest common divisor of 2781 and h?
27
Let p(r) = r**3 + 18*r**2 + 9*r + 72. Let k be p(-18). Let b be 16 - ((-6)/10 - k/25). Calculate the greatest common divisor of b and 13.
13
Suppose -63 + 12 = -k. Suppose -376 = -m - 4*x - 65, m = 4*x + 335. Suppose 0 = -10*r - m + 663. Calculate the highest common divisor of r and k.
17
Let d be (-3)/(((-13)/6)/(-13)). Suppose -2*f = 6 - 54. Let r be f/3*(-5 - d). What is the greatest common factor of r and 13?
13
Let p be 17 - 24/(-10)*((-5)/2 - 0). Calculate the greatest common factor of 176 and p.
11
Let i be 830/8 - 2/(-8). Let d(z) = 31*z - 80. Suppose 35*l = 3 + 102. Let x be d(l). Calculate the greatest common divisor of x and i.
13
Suppose -48 - 42 = -3*c. Let z be 15/90 - 14*(-119)/84. What is the greatest common factor of c and z?
10
Suppose 2*c - 45 - 43 = 2*w, 3*w + 112 = -2*c. Let a = w - -52. Let b be (-2)/2 - (-468)/52. Calculate the greatest common factor of a and b.
4
Let q = -7246 - -7278. What is the highest common factor of q and 8?
8
Suppose -15 = 3*i - 6. Let k(g) = -g + 16. Let u be k(i). What is the highest common factor of 171 and u?
19
Let z = 298 + -250. Let a = 164 + -88. Let l = a + -60. What is the highest common divisor of z and l?
16
Let l be (-2)/(-9) + 0 + 60/(-27). Let v(p) = -21*p - 12. Let a be v(l). Suppose -14*q + a = -9*q. Calculate the greatest common factor of 3 and q.
3
